ber?
True
Is ((-416022)/(-27))/((-3 + 15)/108) a prime number?
False
Suppose 0 = -3*v + k + 2*k + 1338, 1326 = 3*v + k. Suppose -12*p = 24*p + 1872. Let i = p + v. Is i composite?
True
Let s(w) = -w**3 + 30*w**2 + 32*w - 29. Let d be s(31). Suppose -v + 4*z = 17, -85 = d*v + 3*v - z. Let g(c) = -2*c**3 - 30*c**2 + 24*c + 39. Is g(v) prime?
True
Let g(n) = -3*n - 54. Let m be g(-19). Suppose -27493 = -2*z + m*d, -4946 = -3*z - 5*d + 36322. Is z a prime number?
True
Let a = 151 - 146. Suppose a*x - 2020 = 765. Is x a prime number?
True
Suppose -6*c + 25 = -c. Suppose -5*i = -c*n - 4245, 0 = -4*n - 0*n - 5*i - 3414. Let l = 586 - n. Is l a composite number?
True
Let g = 62082 + 93725. Is g a prime number?
False
Let z(k) = 136*k**3 + 5*k**2 - 16*k + 116. Is z(9) prime?
False
Let j = 602203 + -253850. Is j prime?
True
Let c(v) = -v - 1 + 13 - 7 - 3. Let t(p) = -232*p + 3. Let h(k) = -6*c(k) - t(k). Is h(8) composite?
False
Let h = -114874 - -321629. Is h prime?
False
Let z be 16 + -6 - ((2 - -1) + 1). Suppose 5514 = -z*i + 103380. Is i a composite number?
True
Suppose -37*k - 297699 = -42*k - 2*d, 0 = -3*k - 5*d + 178627. Is k composite?
False
Suppose 22*y = 482 + 546240. Is y a composite number?
False
Let c(v) = -v**2 + 10*v + 5. Let k be c(11). Let d(g) = -36*g**3 - 13*g**2 + 7*g + 4. Let i be d(k). Suppose 0 = 8*q + 2*q - i. Is q a prime number?
True
Let l be (-30)/(8/(-6 - -2)). Suppose -l*u + 194802 = -2403. Is u a prime number?
True
Is -1 - -153599 - (-12 - (3 - 12)) composite?
True
Is 368998/6*1 - (2831/57 - 49) prime?
False
Suppose 0 = -354*v + 413*v - 23403353. Is v prime?
True
Suppose 10*i - 2737 - 763 = 0. Let z(r) = 40*r + 5. Let y be z(-3). Let d = y + i. Is d a composite number?
True
Let c = -37 + 37. Suppose -3*j - 3 - 12 = -s, c = -4*s + j + 38. Suppose 611 = -s*t + 2294. Is t a composite number?
True
Let i(f) = f**2 - 10*f + 11. Let w be i(9). Let p be w + (-3156)/12 + 1 + -2. Is 0 - (-2)/(-6) - p/3 a composite number?
True
Let i(f) = f**3 - 2*f**2 + 2*f + 115. Suppose -6*m = -16 - 14. Suppose -3*n - 15 = -m*u, -2*u = 4*n - 0*n + 20. Is i(u) composite?
True
Let o(x) = 485*x + 1133*x + 43 + 673*x + 1388*x + 1151*x. Is o(5) composite?
True
Suppose 0 = 5*j + 3*l - 2403583, 2*j - 961426 = 101*l - 104*l. Is j a prime number?
False
Suppose 36 = 7*a + 2*a. Suppose 0 = -3*d - 0*l + 5*l - 41, -a*d - 5*l = 78. Let w(v) = -v - 3. Is w(d) composite?
True
Is (195116/(-4 + 6))/2 composite?
False
Let u(x) = -23*x**3 + 12*x**2 - 5*x - 14. Let z be u(-11). Suppose 968*j = 974*j - z. Is j composite?
False
Let z = 7528 + 15568. Suppose -22884 = -4*t + z. Suppose -2876 = -7*k + t. Is k a prime number?
True
Let r = 270 + -268. Suppose 23395 = r*y + q, -12*y - 3*q - 23375 = -14*y. Is y composite?
True
Let o(y) = 5*y - 30*y - 17 + 2 - 6. Let f(z) = 25*z + 21. Let t(c) = -3*f(c) - 4*o(c). Is t(4) a composite number?
True
Suppose 54*t = 63*t - 27. Suppose 0 = -5*g - 5*q + 18310, -g + 2068 = t*q - 1600. Is g prime?
True
Is (-3846 - (-2 - (-3)/1))*7659/(-207) a prime number?
False
Let a = -348 - -1374. Suppose 5*w = -2521 + a. Is (w*(-2)/4)/((-9)/(-18)) a prime number?
False
Suppose -12 = 9*n - 39. Is (-9738)/12*(-2)/n a composite number?
False
Let j = 15 + 74. Let v = j - 86. Suppose -v*g + 739 - 248 = r, r - 5*g - 459 = 0. Is r prime?
True
Let a(c) be the third derivative of 11*c**5/20 + 13*c**4/24 - 5*c**3/2 - 19*c**2. Is a(11) composite?
True
Suppose -2*j + 21132 = 4*w, -3*w - 7*j = -4*j - 15855. Suppose -3*n + 4*l + w = 0, -2*l + 3516 = 2*n - 0*n. Is n a composite number?
False
Let r(k) = 46*k**2 + 17*k - 228. Is r(-22) prime?
False
Is 36/(-63)*10403379/(-36) composite?
False
Suppose s + 3*f = -3 - 9, 2*s - 16 = 4*f. Suppose s = 5*v - 15, -3*d + 36896 = 3*v - 38860. Is d a composite number?
True
Suppose -5*q + 4*m = -682, 0 = -10*q + 7*q - 3*m + 420. Is 21874/6 + 184/q prime?
False
Let r = 14227 + 15502. Suppose -38*q = -45*q + r. Is q prime?
False
Let h(c) = -4138*c**3 - 4*c**2 + 40*c + 189. Is h(-5) composite?
True
Suppose 5*l = -2*u + 439175, 2*u = -764*l + 760*l + 351342. Is l composite?
False
Suppose 0 = 5*c - 37 + 7. Let s be (-2)/4 + 7865/10. Suppose -f - s = -5*y, 4*f = -3*y + c*f + 473. Is y composite?
False
Let z be 2 - ((-28)/21)/((-12)/54). Let j(g) be the second derivative of -26*g**3 + 5*g**2/2 - g. Is j(z) a composite number?
True
Let c(y) = 889*y**2 + 45*y + 407. Is c(-12) a composite number?
True
Suppose 24 = -0*c + 4*c. Suppose 0 = 2*r - r - c. Is 73*136/r - (-2)/6 a prime number?
False
Let y = 9206 - -29676. Is y a composite number?
True
Is 102/(-17) + (-7 + 2 - -516026) - 4 a prime number?
False
Let w be (26 - -3)/((-2)/50). Let r = w - -1140. Is r a composite number?
True
Let h = -356 + 358. Suppose -h*k + 6*b + 5546 = 10*b, -3*b = -3*k + 8292. Is k a prime number?
True
Suppose 0 = 2*x + 2*w - 221318, 21*x = 19*x + 2*w + 221318. Is x prime?
False
Suppose 5*m = 5*q, m = -4*q - 15 - 10. Let k(c) = 187*c**2 + 2*c - 41. Let x(l) = -187*l**2 - l + 41. Let f(u) = q*x(u) - 4*k(u). Is f(-5) a composite number?
False
Let h be 6/((198/105021)/11). Suppose -14*s + h + 134827 = 0. Is s a prime number?
False
Suppose 0 = b + q - 0*q - 11, -5*b - 2*q + 49 = 0. Suppose -b*h = -4*h - 181305. Is (1/3)/(9/h) composite?
True
Suppose 0 = -9*d + 18. Suppose -i + 68998 = 4*o, -d*o = -3*o + 3*i + 17243. Is o a composite number?
True
Let t = -1029 - -43582. Is t a composite number?
True
Is 18/(-261) - (-1196343)/87 a prime number?
True
Let c = -28045 - -27143. Suppose 4*b + 3409 = 2*y + 3*y, -5*b = -y + 686. Let j = y - c. Is j a composite number?
False
Is (-2)/(-10) - (-498504)/5 a composite number?
True
Suppose -2688908 = -5*g - l, -2*l - 664514 = -g - 126717. Is g prime?
False
Suppose 41004 - 380453 = -12*q + 341515. Is q a composite number?
False
Let d = -32 - -28. Is (d/6)/((-5)/((-42465)/(-2))) a composite number?
True
Let u(l) be the first derivative of 1963*l**2/2 - 2*l + 4. Is u(1) a prime number?
False
Suppose 3*p + 5421 = -981. Is (113/(-2))/(11/p) a prime number?
False
Suppose -2*a + 6 = 4. Let h be (4/(-1))/(a/(-3)*-6). Is ((-1)/h - 1)/(18/(-29556)) a prime number?
True
Let i(g) = 6*g**3 + 13*g**2 - g + 8. Let y be 2/8 - (-294)/(-56). Let v(d) = 7*d**3 + 14*d**2 - d + 7. Let x(k) = y*v(k) + 6*i(k). Is x(-6) prime?
False
Let h = -438528 + 792779. Is h composite?
False
Let n(v) = v**2 + 40*v + 80. Let m be n(-38). Suppose -3*d - o + 59811 = 0, -m*d - o - 33971 = -113719. Is d prime?
True
Suppose -112*p + 20794939 = 9*p. Is p a composite number?
True
Suppose 0 = 5*t - 3*o - 34, -2*o = -2*t + o + 10. Let s(m) = 8 - 39 + 29*m + 43*m. Is s(t) composite?
True
Let p = 727 + -453. Let v = p - 179. Suppose d + 0*o - 3*o - v = 0, 0 = 4*d + o - 380. Is d a prime number?
False
Suppose g + 2*r = -7 + 24, 5*r = 25. Suppose 14*p - 15253 = g*p. Is p prime?
True
Let s = 52268 + 85631. Is s composite?
True
Let w(c) = c - 13. Let f be w(3). Let x be (-1 + (-22)/f)*232915/74. Is (2 + 0)/(6/x) prime?
True
Let k be 2 - (1 - 244/2). Let a = -9 - -14. Suppose -4*q - k = -a*q. Is q composite?
True
Let n(v) = -16*v - 44. Let o be n(-3). Suppose 5*a - 4*a = -1, 0 = -5*f - 3*a + 1672. Suppose -s + 524 = -i, 0 = -o*s + 3*i - f + 2428. Is s a prime number?
True
Let y(m) be the first derivative of m**4/4 - 17*m**3/3 + 28*m**2 - 47*m - 146. Is y(16) a prime number?
True
Let l = 4670 - -6471. Is l a composite number?
True
Suppose -d - 274 = 4*y, -2*d - d - 786 = 3*y. Is d/(-43) + 0 + 481 composite?
False
Suppose 0 = 15*u - 4*u - 55. Let r(f) = 29*f**2 + 3*f - 13. Is r(u) composite?
False
Let w(p) = 14669*p + 1161. Is w(22) composite?
False
Suppose -1056*q + 1024*q + 686496 = 0. Is q composite?
True
Is 1133895/245*42/6 a composite number?
True
Suppose 272*t - 182*t = 1189530. Is t prime?
True
Is (-1)/(7*15/(-37059225)) prime?
False
Let d = -50339 + 18258. Let c = -14298 - d. Is c a prime number?
True
Suppose d - 441 = -5*h, d = 3*d - 4*h - 854. Is (-52)/286 + d/11 prime?
False
Let q be (48/(-10))/((-2)/15). Let b = 38 - q. Let v(w) = 61*w**2 - 5*w + 5. Is v(b) prime?
True
Is (42749875/700)/((-5)/(-4)) a prime number?
True
Let o = -38496 - -146287. Is o prime?
True
Let f(n) = -41336*n - 791. Is f(-12) prime?
True
Let v = -123209 + 186508. Is v a prime number?
True
Suppose 4*